{"id":47332,"date":"2020-01-06T10:47:08","date_gmt":"2020-01-06T15:47:08","guid":{"rendered":"https:\/\/www.bu.edu\/wheelock\/?page_id=47332"},"modified":"2026-02-16T18:26:36","modified_gmt":"2026-02-16T23:26:36","slug":"language-education-speaker-series","status":"publish","type":"page","link":"https:\/\/www.bu.edu\/wheelock\/news\/language-education-speaker-series\/","title":{"rendered":"Language Education Speaker Series"},"content":{"rendered":"<p>The Language Education Speaker Series at BU Wheelock College of Education &amp; Human Development brings well-known scholars in the field of applied linguistics to campus to discuss their work. These talks are open to all members of the BU community, as well as scholars and students of applied linguistics throughout the Greater Boston area.<\/p>\n<h3>Upcoming Events<\/h3>\n<h5><em>Bilingualism, Language Ability, and the Dynamics of Word Learning<\/em><\/h5>\n<p><em><br \/>\n<\/em><em>Dr. Kimberly Crespo<\/em><\/p>\n<p><strong>Tuesday, February 24<\/strong><br \/>\n<strong>5:00\u20136:30 pm (ET)<\/strong><\/p>\n<p><span>Rajen Kilachand Center for Integrated Life Sciences and Engineering<br \/>\n<\/span><span>610 Commonwealth Ave<br \/>\nRoom 101<br \/>\n<\/span><span>Boston, MA 02215<\/span><\/p>\n<p>Register to attend <a href=\"https:\/\/www.eventbrite.com\/e\/bilingualism-language-ability-and-the-dynamics-of-word-learning-tickets-1982390836356?aff=oddtdtcreator\">here<\/a>.<\/p>\n<h3>Abstract<\/h3>\n<p>Word learning is a cornerstone of children\u2019s cognitive and linguistic development, supporting communication, conceptual growth, and academic learning. This talk examines how children acquire new words and how language experience and individual differences shape learning across monolingual and bilingual contexts. In the first part of the talk, I present a series of experimental studies using cross-situational word learning paradigms to investigate how children track statistical regularities across exposures to map words to meanings. These studies examine the role of bilingualism and language ability in supporting learning under uncertainty, demonstrating that bilingual experience can bolster children\u2019s word learning skills. In the second part of the talk, I turn to word learning in dual-language contexts, such as from code-switched input. I discuss evidence that bilingual children are sensitive to both linguistic and contextual cues in mixed-language input, and that variability in bilingual experience and language ability shapes how children attend to, interpret, and learn from their environments. Together, this work underscores the importance of considering both learning mechanisms and language experience in models of lexical development. I conclude by discussing implications for clinical assessment and intervention with bilingual children, as well as educational practices that better reflect the realities of dual-language learning environments.<\/p>\n<h3><strong>About Dr. Crespo<\/strong><\/h3>\n<p>Kimberly Crespo, PhD, CCC-SLP, is an Assistant Professor in the Department of Speech, Language, and Hearing Sciences\u00a0at Boston University. Her program of research examines how language experience and cognition interact to shape learning and development in children, including those with neurodevelopmental disorders. Informed by her clinical training and practice as a Spanish\u2013English bilingual speech-language pathologist, her work seeks to explain developmental variability in language outcomes. Using a range of experimental methods, her research aims to identify child- and context-level determinants of language learning and to characterize trajectories of language impairment to improve early identification and intervention. Dr. Crespo\u2019s work has been supported by the National Institute on Deafness and Other Communication Disorders (NIH NIDCD) and the American Speech-Language-Hearing Foundation.<\/p>\n<p><img loading=\"lazy\" src=\"\/wheelock\/files\/2026\/02\/Crespo_headshot_small_cropped-472x600.jpeg\" alt=\"Kimberly Crespo\" width=\"272\" height=\"346\" class=\"wp-image-86869 aligncenter\" srcset=\"https:\/\/www.bu.edu\/wheelock\/files\/2026\/02\/Crespo_headshot_small_cropped-472x600.jpeg 472w, https:\/\/www.bu.edu\/wheelock\/files\/2026\/02\/Crespo_headshot_small_cropped-649x826.jpeg 649w, https:\/\/www.bu.edu\/wheelock\/files\/2026\/02\/Crespo_headshot_small_cropped-270x344.jpeg 270w, https:\/\/www.bu.edu\/wheelock\/files\/2026\/02\/Crespo_headshot_small_cropped-416x529.jpeg 416w, https:\/\/www.bu.edu\/wheelock\/files\/2026\/02\/Crespo_headshot_small_cropped-536x682.jpeg 536w, https:\/\/www.bu.edu\/wheelock\/files\/2026\/02\/Crespo_headshot_small_cropped-541x688.jpeg 541w, https:\/\/www.bu.edu\/wheelock\/files\/2026\/02\/Crespo_headshot_small_cropped.jpeg 713w\" sizes=\"(max-width: 272px) 100vw, 272px\" \/><\/p>\n<hr \/>\n<h4>Previous Events in the Series<\/h4>\n<p>October 23, 2025<br \/>\n<strong>Racial, Linguistic and Community Belonging: The Juxtaposition of Brown v. Board of Education, Lau v. Nichols and Plyler v. Doe<br \/>\n<\/strong>Dr. Morita-Mullaney<\/p>\n<p>February 25th, 2025<br \/>\n<strong>Already Home: Unearthing Black World Language Teachers\u2019 Cultural, Linguistic and Professional Prowess<br \/>\n<\/strong>Dr. Tasha Austin, SUNY Buffalo<\/p>\n<p>February 8th, 2024<br \/>\n<strong><\/strong><strong>False<\/strong><strong>\u00a0<\/strong><strong>Positives<\/strong><strong>, Re-Entry Programs and Long-Term English Learners\u201d: Undoing Dichotomous Frames in U.S. Language Education Policy<br \/>\n<\/strong>Dr. Nelson Flores, University of Pennsylvania<\/p>\n<p>January 29, 2024<br \/>\n<strong>Unveiling Bias in Second Language Acquisition Research: A Critical Examination of Convenience Sampling and Implications for Generalizability<br \/>\n<\/strong>Dr. Aline Godfroid, Michigan State University<\/p>\n<p>October 24, 2023<br \/>\n<strong>Understanding Wampanoag Culture Through W\u00f4pan\u00e2ak Language<br \/>\n<\/strong>Dr. Nitana Hicks Greendeer, Brown University<strong><br \/>\n<\/strong><\/p>\n<p>October 5, 2023<br \/>\n<strong>\u00bfSoy Acaso Negra?: A Testimonio on the Erasure of Black Latines within, and beyond, Bilingual Education.<br \/>\n<\/strong>Dr. Mar\u00eda Cio\u00e8-Pe\u00f1a. University of Pennsylvania<\/p>\n<p>April 11, 2023<br \/>\n<span><strong><\/strong><\/span><strong>Researching Language Learning and Multilingualism: From Social Justice to a Decolonial Lens?<br \/>\n<\/strong><span><strong><\/strong>Lourdes Ortega, Georgetown University<\/span><\/p>\n<p>April 3, 2023<br \/>\n<span><strong>Navigating language learning as a non-binary student: Insights into diverse experiences from participatory research with non-binary youth<br \/>\n<\/strong>Julia Donnelly Spiegelman, UMASS Boston<strong><br \/>\n<\/strong><\/span><\/p>\n<p>November 2, 2022<br \/>\n<strong><\/strong><strong>What Effect Do Heritage Languages Have on Majority English <\/strong><strong>in Adolescent and Adult Heritage Speaker Bilinguals?<br \/>\n<\/strong>Shanley Allen,\u00a0University of Kaiserslautern<\/p>\n<p>September 26, 2022<br \/>\n<strong><\/strong><strong>Biliteracy as Property: The Promise and Perils of Seal of Biliteracy and Dual Language Programming through an Equity Lens<br \/>\n<\/strong>Chris Chang-Bacon, University of Virginia<\/p>\n<p>March 28, 2022<br \/>\n<strong>Language Learning Apps: Do They Really Work?<br \/>\n<\/strong>Shawn Loewen, Michigan State University<\/p>\n<p>February 22, 2022<br \/>\n<strong>Enacting a Critical Translingual Approach in Teacher Development<br \/>\n<\/strong>Kate Seltzer, Rowan University<\/p>\n<p>November 16, 2021<br \/>\n<strong>Measuring L2 Grit Not Once, But Twice, and Exploring How Much Learners Need it to Succeed<br \/>\n<\/strong>Paula Winke, Michigan State University<\/p>\n<p>October 26, 2021<br \/>\n<strong>Complex Dynamic Systems Theory\u2014Learning-Centered Teaching<br \/>\n<\/strong>Diane Larsen-Freeman, University of Michigan<\/p>\n<p>February 8, 2021<strong><br \/>\n<\/strong><strong>Shifting the Discourse from Deficit to Difference: Understanding the Cognitive Neuroscience of Learning in Bilingual Learners<br \/>\n<\/strong>Gigi Luk, McGill University<\/p>\n","protected":false},"excerpt":{"rendered":"<p>The Language Education Speaker Series at BU Wheelock College of Education &amp; Human Development brings well-known scholars in the field of applied linguistics to campus to discuss their work. These talks are open to all members of the BU community, as well as scholars and students of applied linguistics throughout the Greater Boston area. Upcoming [&hellip;]<\/p>\n","protected":false},"author":11209,"featured_media":0,"parent":65559,"menu_order":11,"comment_status":"closed","ping_status":"closed","template":"page-templates\/no-sidebars.php","meta":[],"bu-publication":[],"_links":{"self":[{"href":"https:\/\/www.bu.edu\/wheelock\/wp-json\/wp\/v2\/pages\/47332"}],"collection":[{"href":"https:\/\/www.bu.edu\/wheelock\/wp-json\/wp\/v2\/pages"}],"about":[{"href":"https:\/\/www.bu.edu\/wheelock\/wp-json\/wp\/v2\/types\/page"}],"author":[{"embeddable":true,"href":"https:\/\/www.bu.edu\/wheelock\/wp-json\/wp\/v2\/users\/11209"}],"replies":[{"embeddable":true,"href":"https:\/\/www.bu.edu\/wheelock\/wp-json\/wp\/v2\/comments?post=47332"}],"version-history":[{"count":53,"href":"https:\/\/www.bu.edu\/wheelock\/wp-json\/wp\/v2\/pages\/47332\/revisions"}],"predecessor-version":[{"id":87088,"href":"https:\/\/www.bu.edu\/wheelock\/wp-json\/wp\/v2\/pages\/47332\/revisions\/87088"}],"up":[{"embeddable":true,"href":"https:\/\/www.bu.edu\/wheelock\/wp-json\/wp\/v2\/pages\/65559"}],"wp:attachment":[{"href":"https:\/\/www.bu.edu\/wheelock\/wp-json\/wp\/v2\/media?parent=47332"}],"wp:term":[{"taxonomy":"bu-publication","embeddable":true,"href":"https:\/\/www.bu.edu\/wheelock\/wp-json\/wp\/v2\/bu-publication?post=47332"}],"curies":[{"name":"wp","href":"https:\/\/api.w.org\/{rel}","templated":true}]}}

<p>The Language Education Speaker Series at BU Wheelock College of Education &amp; Human Development brings well-known scholars in the field of applied linguistics to campus to discuss their work. These talks are open to all members of the BU community, as well as scholars and students of applied linguistics throughout the Greater Boston area.</p>
<h3>Upcoming Events</h3>
<h5><em>Bilingualism, Language Ability, and the Dynamics of Word Learning</em></h5>
<p><em><br />
</em><em>Dr. Kimberly Crespo</em></p>
<p><strong>Tuesday, February 24</strong><br />
<strong>5:00–6:30 pm (ET)</strong></p>
<p><span>Rajen Kilachand Center for Integrated Life Sciences and Engineering<br />
</span><span>610 Commonwealth Ave<br />
Room 101<br />
</span><span>Boston, MA 02215</span></p>
<p>Register to attend <a href="https://www.eventbrite.com/e/bilingualism-language-ability-and-the-dynamics-of-word-learning-tickets-1982390836356?aff=oddtdtcreator">here</a>.</p>
<h3>Abstract</h3>
<p>Word learning is a cornerstone of children’s cognitive and linguistic development, supporting communication, conceptual growth, and academic learning. This talk examines how children acquire new words and how language experience and individual differences shape learning across monolingual and bilingual contexts. In the first part of the talk, I present a series of experimental studies using cross-situational word learning paradigms to investigate how children track statistical regularities across exposures to map words to meanings. These studies examine the role of bilingualism and language ability in supporting learning under uncertainty, demonstrating that bilingual experience can bolster children’s word learning skills. In the second part of the talk, I turn to word learning in dual-language contexts, such as from code-switched input. I discuss evidence that bilingual children are sensitive to both linguistic and contextual cues in mixed-language input, and that variability in bilingual experience and language ability shapes how children attend to, interpret, and learn from their environments. Together, this work underscores the importance of considering both learning mechanisms and language experience in models of lexical development. I conclude by discussing implications for clinical assessment and intervention with bilingual children, as well as educational practices that better reflect the realities of dual-language learning environments.</p>
<h3><strong>About Dr. Crespo</strong></h3>
<p>Kimberly Crespo, PhD, CCC-SLP, is an Assistant Professor in the Department of Speech, Language, and Hearing Sciences at Boston University. Her program of research examines how language experience and cognition interact to shape learning and development in children, including those with neurodevelopmental disorders. Informed by her clinical training and practice as a Spanish–English bilingual speech-language pathologist, her work seeks to explain developmental variability in language outcomes. Using a range of experimental methods, her research aims to identify child- and context-level determinants of language learning and to characterize trajectories of language impairment to improve early identification and intervention. Dr. Crespo’s work has been supported by the National Institute on Deafness and Other Communication Disorders (NIH NIDCD) and the American Speech-Language-Hearing Foundation.</p>
<p><img loading="lazy" src="/wheelock/files/2026/02/Crespo_headshot_small_cropped-472x600.jpeg" alt="Kimberly Crespo" width="272" height="346" class="wp-image-86869 aligncenter" srcset="https://www.bu.edu/wheelock/files/2026/02/Crespo_headshot_small_cropped-472x600.jpeg 472w, https://www.bu.edu/wheelock/files/2026/02/Crespo_headshot_small_cropped-649x826.jpeg 649w, https://www.bu.edu/wheelock/files/2026/02/Crespo_headshot_small_cropped-270x344.jpeg 270w, https://www.bu.edu/wheelock/files/2026/02/Crespo_headshot_small_cropped-416x529.jpeg 416w, https://www.bu.edu/wheelock/files/2026/02/Crespo_headshot_small_cropped-536x682.jpeg 536w, https://www.bu.edu/wheelock/files/2026/02/Crespo_headshot_small_cropped-541x688.jpeg 541w, https://www.bu.edu/wheelock/files/2026/02/Crespo_headshot_small_cropped.jpeg 713w" sizes="(max-width: 272px) 100vw, 272px" /></p>
<hr />
<h4>Previous Events in the Series</h4>
<p>October 23, 2025<br />
<strong>Racial, Linguistic and Community Belonging: The Juxtaposition of Brown v. Board of Education, Lau v. Nichols and Plyler v. Doe<br />
</strong>Dr. Morita-Mullaney</p>
<p>February 25th, 2025<br />
<strong>Already Home: Unearthing Black World Language Teachers’ Cultural, Linguistic and Professional Prowess<br />
</strong>Dr. Tasha Austin, SUNY Buffalo</p>
<p>February 8th, 2024<br />
<strong></strong><strong>False</strong><strong> </strong><strong>Positives</strong><strong>, Re-Entry Programs and Long-Term English Learners”: Undoing Dichotomous Frames in U.S. Language Education Policy<br />
</strong>Dr. Nelson Flores, University of Pennsylvania</p>
<p>January 29, 2024<br />
<strong>Unveiling Bias in Second Language Acquisition Research: A Critical Examination of Convenience Sampling and Implications for Generalizability<br />
</strong>Dr. Aline Godfroid, Michigan State University</p>
<p>October 24, 2023<br />
<strong>Understanding Wampanoag Culture Through Wôpanâak Language<br />
</strong>Dr. Nitana Hicks Greendeer, Brown University<strong><br />
</strong></p>
<p>October 5, 2023<br />
<strong>¿Soy Acaso Negra?: A Testimonio on the Erasure of Black Latines within, and beyond, Bilingual Education.<br />
</strong>Dr. María Cioè-Peña. University of Pennsylvania</p>
<p>April 11, 2023<br />
<span><strong></strong></span><strong>Researching Language Learning and Multilingualism: From Social Justice to a Decolonial Lens?<br />
</strong><span><strong></strong>Lourdes Ortega, Georgetown University</span></p>
<p>April 3, 2023<br />
<span><strong>Navigating language learning as a non-binary student: Insights into diverse experiences from participatory research with non-binary youth<br />
</strong>Julia Donnelly Spiegelman, UMASS Boston<strong><br />
</strong></span></p>
<p>November 2, 2022<br />
<strong></strong><strong>What Effect Do Heritage Languages Have on Majority English </strong><strong>in Adolescent and Adult Heritage Speaker Bilinguals?<br />
</strong>Shanley Allen, University of Kaiserslautern</p>
<p>September 26, 2022<br />
<strong></strong><strong>Biliteracy as Property: The Promise and Perils of Seal of Biliteracy and Dual Language Programming through an Equity Lens<br />
</strong>Chris Chang-Bacon, University of Virginia</p>
<p>March 28, 2022<br />
<strong>Language Learning Apps: Do They Really Work?<br />
</strong>Shawn Loewen, Michigan State University</p>
<p>February 22, 2022<br />
<strong>Enacting a Critical Translingual Approach in Teacher Development<br />
</strong>Kate Seltzer, Rowan University</p>
<p>November 16, 2021<br />
<strong>Measuring L2 Grit Not Once, But Twice, and Exploring How Much Learners Need it to Succeed<br />
</strong>Paula Winke, Michigan State University</p>
<p>October 26, 2021<br />
<strong>Complex Dynamic Systems Theory—Learning-Centered Teaching<br />
</strong>Diane Larsen-Freeman, University of Michigan</p>
<p>February 8, 2021<strong><br />
</strong><strong>Shifting the Discourse from Deficit to Difference: Understanding the Cognitive Neuroscience of Learning in Bilingual Learners<br />
</strong>Gigi Luk, McGill University</p>
