{"id":11216,"date":"2015-09-04T15:14:25","date_gmt":"2015-09-04T19:14:25","guid":{"rendered":"https:\/\/www.bu.edu\/rs\/?post_type=profile&#038;p=11216"},"modified":"2026-08-03T10:31:02","modified_gmt":"2026-08-03T14:31:02","slug":"christopher-maurer","status":"publish","type":"profile","link":"https:\/\/www.bu.edu\/rs\/profile\/christopher-maurer\/","title":{"rendered":"Christopher Maurer"},"content":{"rendered":"<h2>Research and Teaching<\/h2>\n<p><span style=\"font-weight: 400;\">Professor Maurer teaches and writes about Spanish poetry with special emphasis on poetry\u2019s relations with music and painting, translation, and textual criticism. He also teaches in Boston University\u2019s\u00a0<\/span><a href=\"https:\/\/www.bu.edu\/translation\/mfa\/\"><span style=\"font-weight: 400;\">MFA program in Literary Translation<\/span><\/a><span style=\"font-weight: 400;\">. His first book was a biography and edition of the sixteenth-century poet Francisco de Figueroa and two of his most recent are <\/span><a href=\"https:\/\/residenciadeestudiantes.com\/api\/tienda\/producto\/bello-relampago-que-dura-moreno-villa-y-jacinta\/\"><i><span style=\"font-weight: 400;\">Bello rel\u00e1mpago que dura: Moreno Villa y Jacinta<\/span><\/i><\/a><span style=\"font-weight: 400;\"> (2024) and <\/span><a href=\"https:\/\/press.uchicago.edu\/ucp\/books\/book\/distributed\/H\/bo266522638.html\"><i><span style=\"font-weight: 400;\">How a City Sings, From November to November: Lorca on Music <\/span><\/i><\/a><span style=\"font-weight: 400;\">(Spring 2026).<\/span><\/p>\n<p><span style=\"font-weight: 400;\">Maurer is the editor of Garc\u00eda Lorca\u2019s <em><a href=\"https:\/\/www.amazon.com\/Collected-Poems-Federico-Garcia-Lorca\/dp\/0374126151\/ref=sr_1_1\/105-5065638-9380406?ie=UTF8&amp;s=books&amp;qid=1189351009&amp;sr=1-1\">Collected Poems<\/a><\/em> and <em>Selected Verse<\/em>; his <a href=\"https:\/\/www.rtve.es\/play\/audios\/reportajes-en-radio-5\/reportajes-radio-5-exposicion-memoria-movimiento-lorca-residencia-estudiantes-05-05-26\/17053866\/\">lectures on music<\/a>; his early prose (<em>Prosa in\u00e9dita de juventud<\/em>), and editor, with Andrew A. Anderson, of Garc\u00eda Lorca\u2019s complete letters (<a href=\"https:\/\/www.casadellibro.com\/libro-epistolario-completo\/9788437615165\/557579\"><em>Epistolario completo<\/em><\/a>). His translated books include <em>New Letters to a Young<\/em> Poet by Joan Margarit;<\/span><span style=\"font-weight: 400;\">\u00a0Lorca\u2019s\u00a0<\/span><i><span style=\"font-weight: 400;\">Deep Song and Other Prose,\u00a0<\/span><\/i><a href=\"https:\/\/press.uchicago.edu\/ucp\/books\/book\/distributed\/F\/bo208658177.html\"><i><span style=\"font-weight: 400;\">Finding Duende;<\/span><\/i><\/a><span style=\"font-weight: 400;\">\u00a0<\/span><i><span style=\"font-weight: 400;\">A Season in Granada;<\/span><\/i><span style=\"font-weight: 400;\">\u00a0a collection of letters between Lorca and Salvador Dal\u00ed (<\/span><a href=\"http:\/\/www.amazon.com\/Sebastians-Arrows-Mementos-Salvador-Federico\/dp\/0967880882\/ref=sr_1_1\/105-5065638-9380406?ie=UTF8&amp;s=books&amp;qid=1189351110&amp;sr=1-1\"><i><span style=\"font-weight: 400;\">Sebastian\u2019s Arrows\u00a0<\/span><\/i><\/a><span style=\"font-weight: 400;\">published by Swan Isle Press), \u00a0<\/span><a href=\"http:\/\/www.amazon.com\/Art-Worldly-Wisdom-Baltasar-Gracian\/dp\/0385421311\/ref=sr_1_1\/105-5065638-9380406?ie=UTF8&amp;s=books&amp;qid=1189351145&amp;sr=8-1\"><i><span style=\"font-weight: 400;\">The Art of Worldly Wisdom<\/span><\/i><\/a><span style=\"font-weight: 400;\">\u00a0by Baltasar Graci\u00e1n; an anthology of Graci\u00e1n\u2019s other writings (<\/span><i><span style=\"font-weight: 400;\">A Pocket Mirror for Heroes<\/span><\/i><span style=\"font-weight: 400;\">);\u00a0<\/span><a href=\"http:\/\/www.swanislepress.com\/running.html\"><i><span style=\"font-weight: 400;\">Running Back Through the Rain<\/span><\/i><\/a><span style=\"font-weight: 400;\">\u00a0(co-translated with Ben Heller) by Ra\u00fal Barrientos; and\u00a0<\/span><a href=\"http:\/\/www.press.uchicago.edu\/ucp\/books\/book\/distributed\/C\/bo12332280.html\"><i><span style=\"font-weight: 400;\">The Complete Perfectionist: A Poetics of Work<\/span><\/i><\/a><span style=\"font-weight: 400;\">\u00a0by Juan Ram\u00f3n Jim\u00e9nez (Spanish translation by Andr\u00e9s Soria Olmedo, 2016, Madrid, Fundamentos). His\u00a0<\/span><a href=\"https:\/\/books.google.com\/books\/about\/Fortune_s_Favorite_Child.html?id=25KSkdiB_jAC\"><span style=\"font-weight: 400;\">biography<\/span><\/a><span style=\"font-weight: 400;\">\u00a0of American painter and writer Walter Inglis Anderson won the 2003 Eudora Welty Award and the Non Fiction Prize of the Mississippi Academy of Arts and Letters.<\/span><\/p>\n<p><span style=\"font-weight: 400;\">Maurer\u2019s digital humanities project\u00a0<\/span><a href=\"https:\/\/web.archive.org\/web\/20170212170839\/https:\/fsgworkinprogress.com\/LorcaMap\/index.html\"><span style=\"font-weight: 400;\">\u201cStreets and Dreams\u201d<\/span><\/a><span style=\"font-weight: 400;\">\u00a0mapped Lorca\u2019s movements in New York (1929-30) and coincided with the exhibition \u201c<\/span><a href=\"http:\/\/cultura.elpais.com\/cultura\/2013\/04\/16\/actualidad\/1366129219_827312.html\"><span style=\"font-weight: 400;\">Back Tomorrow: Lorca, Poet in New York\u201d<\/span><\/a><span style=\"font-weight: 400;\">\u00a0at the New York Public Library, co-curated with Andr\u00e9s Soria Olmedo. In 2019, Maurer curated the exhibition and catalogue \u201c<\/span><a href=\"https:\/\/www.centrofedericogarcialorca.es\/es\/publicaciones\/catalogo-de-exposicion\/17\/jardin-deshecho-lorca-amor\"><span style=\"font-weight: 400;\">Jard\u00edn deschecho:\u00a0 Lorca y el amor<\/span><\/a><span style=\"font-weight: 400;\">\u201d at the Centro Federico Garc\u00eda Lorca, Granada, and in <span>2025-2026 the exhibition and catalogue <em><a href=\"https:\/\/www.rtve.es\/play\/audios\/reportajes-en-radio-5\/reportajes-radio-5-exposicion-memoria-movimiento-lorca-residencia-estudiantes-05-05-26\/17053866\/\">Lorca y el archive: memoria en movimiento<\/a><\/em>, with Andrew A. Anderson and Melissa Dinverno.<\/span><\/span><span style=\"font-weight: 400;\">\u00a0He is an Acad\u00e9mico Correspondiente of the Real Academia Espa\u00f1ola, \u2018Official\u2019 in the Orden de Isabel la Cat\u00f3lica, and Acad\u00e9mico Electo of the Academia Norteamericana de la Lengua Espa\u00f1ola.<\/span><\/p>\n<p><span style=\"font-weight: 400;\">Maurer\u2019s courses and seminars\u00a0have studied the 20th-century reception of Baroque authors in Spain and Latin America, the uses of archives, Spanish language poets in New York, contemporary adaptations of works by Lorca, the historical avant-garde, \u00a0and the intersection of lives and texts, with a focus on biography, epistolography, and textual criticism.<\/span><\/p>\n","protected":false},"author":4316,"template":"","_links":{"self":[{"href":"https:\/\/www.bu.edu\/rs\/wp-json\/wp\/v2\/profile\/11216"}],"collection":[{"href":"https:\/\/www.bu.edu\/rs\/wp-json\/wp\/v2\/profile"}],"about":[{"href":"https:\/\/www.bu.edu\/rs\/wp-json\/wp\/v2\/types\/profile"}],"author":[{"embeddable":true,"href":"https:\/\/www.bu.edu\/rs\/wp-json\/wp\/v2\/users\/4316"}],"version-history":[{"count":18,"href":"https:\/\/www.bu.edu\/rs\/wp-json\/wp\/v2\/profile\/11216\/revisions"}],"predecessor-version":[{"id":27151,"href":"https:\/\/www.bu.edu\/rs\/wp-json\/wp\/v2\/profile\/11216\/revisions\/27151"}],"wp:attachment":[{"href":"https:\/\/www.bu.edu\/rs\/wp-json\/wp\/v2\/media?parent=11216"}],"curies":[{"name":"wp","href":"https:\/\/api.w.org\/{rel}","templated":true}]}}

<h2>Research and Teaching</h2>
<p><span style="font-weight: 400;">Professor Maurer teaches and writes about Spanish poetry with special emphasis on poetry’s relations with music and painting, translation, and textual criticism. He also teaches in Boston University’s </span><a href="https://www.bu.edu/translation/mfa/"><span style="font-weight: 400;">MFA program in Literary Translation</span></a><span style="font-weight: 400;">. His first book was a biography and edition of the sixteenth-century poet Francisco de Figueroa and two of his most recent are </span><a href="https://residenciadeestudiantes.com/api/tienda/producto/bello-relampago-que-dura-moreno-villa-y-jacinta/"><i><span style="font-weight: 400;">Bello relámpago que dura: Moreno Villa y Jacinta</span></i></a><span style="font-weight: 400;"> (2024) and </span><a href="https://press.uchicago.edu/ucp/books/book/distributed/H/bo266522638.html"><i><span style="font-weight: 400;">How a City Sings, From November to November: Lorca on Music </span></i></a><span style="font-weight: 400;">(Spring 2026).</span></p>
<p><span style="font-weight: 400;">Maurer is the editor of García Lorca’s <em><a href="https://www.amazon.com/Collected-Poems-Federico-Garcia-Lorca/dp/0374126151/ref=sr_1_1/105-5065638-9380406?ie=UTF8&amp;s=books&amp;qid=1189351009&amp;sr=1-1">Collected Poems</a></em> and <em>Selected Verse</em>; his <a href="https://www.rtve.es/play/audios/reportajes-en-radio-5/reportajes-radio-5-exposicion-memoria-movimiento-lorca-residencia-estudiantes-05-05-26/17053866/">lectures on music</a>; his early prose (<em>Prosa inédita de juventud</em>), and editor, with Andrew A. Anderson, of García Lorca’s complete letters (<a href="https://www.casadellibro.com/libro-epistolario-completo/9788437615165/557579"><em>Epistolario completo</em></a>). His translated books include <em>New Letters to a Young</em> Poet by Joan Margarit;</span><span style="font-weight: 400;"> Lorca’s </span><i><span style="font-weight: 400;">Deep Song and Other Prose, </span></i><a href="https://press.uchicago.edu/ucp/books/book/distributed/F/bo208658177.html"><i><span style="font-weight: 400;">Finding Duende;</span></i></a><span style="font-weight: 400;"> </span><i><span style="font-weight: 400;">A Season in Granada;</span></i><span style="font-weight: 400;"> a collection of letters between Lorca and Salvador Dalí (</span><a href="http://www.amazon.com/Sebastians-Arrows-Mementos-Salvador-Federico/dp/0967880882/ref=sr_1_1/105-5065638-9380406?ie=UTF8&amp;s=books&amp;qid=1189351110&amp;sr=1-1"><i><span style="font-weight: 400;">Sebastian’s Arrows </span></i></a><span style="font-weight: 400;">published by Swan Isle Press),  </span><a href="http://www.amazon.com/Art-Worldly-Wisdom-Baltasar-Gracian/dp/0385421311/ref=sr_1_1/105-5065638-9380406?ie=UTF8&amp;s=books&amp;qid=1189351145&amp;sr=8-1"><i><span style="font-weight: 400;">The Art of Worldly Wisdom</span></i></a><span style="font-weight: 400;"> by Baltasar Gracián; an anthology of Gracián’s other writings (</span><i><span style="font-weight: 400;">A Pocket Mirror for Heroes</span></i><span style="font-weight: 400;">); </span><a href="http://www.swanislepress.com/running.html"><i><span style="font-weight: 400;">Running Back Through the Rain</span></i></a><span style="font-weight: 400;"> (co-translated with Ben Heller) by Raúl Barrientos; and </span><a href="http://www.press.uchicago.edu/ucp/books/book/distributed/C/bo12332280.html"><i><span style="font-weight: 400;">The Complete Perfectionist: A Poetics of Work</span></i></a><span style="font-weight: 400;"> by Juan Ramón Jiménez (Spanish translation by Andrés Soria Olmedo, 2016, Madrid, Fundamentos). His </span><a href="https://books.google.com/books/about/Fortune_s_Favorite_Child.html?id=25KSkdiB_jAC"><span style="font-weight: 400;">biography</span></a><span style="font-weight: 400;"> of American painter and writer Walter Inglis Anderson won the 2003 Eudora Welty Award and the Non Fiction Prize of the Mississippi Academy of Arts and Letters.</span></p>
<p><span style="font-weight: 400;">Maurer’s digital humanities project </span><a href="https://web.archive.org/web/20170212170839/https:/fsgworkinprogress.com/LorcaMap/index.html"><span style="font-weight: 400;">“Streets and Dreams”</span></a><span style="font-weight: 400;"> mapped Lorca’s movements in New York (1929-30) and coincided with the exhibition “</span><a href="http://cultura.elpais.com/cultura/2013/04/16/actualidad/1366129219_827312.html"><span style="font-weight: 400;">Back Tomorrow: Lorca, Poet in New York”</span></a><span style="font-weight: 400;"> at the New York Public Library, co-curated with Andrés Soria Olmedo. In 2019, Maurer curated the exhibition and catalogue “</span><a href="https://www.centrofedericogarcialorca.es/es/publicaciones/catalogo-de-exposicion/17/jardin-deshecho-lorca-amor"><span style="font-weight: 400;">Jardín deschecho:  Lorca y el amor</span></a><span style="font-weight: 400;">” at the Centro Federico García Lorca, Granada, and in <span>2025-2026 the exhibition and catalogue <em><a href="https://www.rtve.es/play/audios/reportajes-en-radio-5/reportajes-radio-5-exposicion-memoria-movimiento-lorca-residencia-estudiantes-05-05-26/17053866/">Lorca y el archive: memoria en movimiento</a></em>, with Andrew A. Anderson and Melissa Dinverno.</span></span><span style="font-weight: 400;"> He is an Académico Correspondiente of the Real Academia Española, ‘Official’ in the Orden de Isabel la Católica, and Académico Electo of the Academia Norteamericana de la Lengua Española.</span></p>
<p><span style="font-weight: 400;">Maurer’s courses and seminars have studied the 20th-century reception of Baroque authors in Spain and Latin America, the uses of archives, Spanish language poets in New York, contemporary adaptations of works by Lorca, the historical avant-garde,  and the intersection of lives and texts, with a focus on biography, epistolography, and textual criticism.</span></p>
